e prime factors of d(v)?
13
Let x be 6/((-1)/((-141)/(-6))). Let i = -87 - x. List the prime factors of (2/3)/(4/i).
3
Let z = 2 - 3. Let v(u) = u**2 - 9*u - 2. Let m be v(10). Let q = z + m. List the prime factors of q.
7
Let l(i) = i + 2. Let y be l(-2). Suppose y = 2*j - 6*j + 72. What are the prime factors of 5*j/(-10)*-2?
2, 3
Let l(g) = g**3 - 9*g**2 - 8*g + 3. Let p(s) = s**3 - 9*s**2 - 8*s + 4. Let y(a) = 4*l(a) - 3*p(a). List the prime factors of y(10).
2, 5
Let m(k) = k**3 - 2*k**2 - 21*k + 3. What are the prime factors of m(6)?
3, 7
List the prime factors of 120 + 7 - (1 + -1).
127
Let b = 2 - 4. Let z(o) = -7*o - 1. What are the prime factors of z(b)?
13
Let j(m) = -2*m**3 - 3*m**2 + 3*m - 4. List the prime factors of j(-3).
2, 7
Suppose 2*f = -0*f + 4*a + 46, 4*f - 3*a = 107. What are the prime factors of f?
29
Let q be (-2)/(12/(-39))*2. Let n = -3 + q. List the prime factors of n.
2, 5
Suppose -h - 1 = 8. Let t = h - -14. Suppose t*c - c = 24. List the prime factors of c.
2, 3
Let n(x) = x**3 - 14*x**2 - 8*x - 21. List the prime factors of n(15).
2, 3, 7
Suppose -380 = 51*o - 55*o. List the prime factors of o.
5, 19
Suppose 3*a + 2*j - 5 = 12, -2*a = -2*j - 28. What are the prime factors of 0 + (a - (1 - 3))?
11
Let z = 70 + 28. What are the prime factors of z?
2, 7
Let k(b) = b**2 - 6*b + 2. Let d be k(6). Let y be 1/3 - d/6. Suppose y = h + 2*h - 15. What are the prime factors of h?
5
Let n = 162 - 25. List the prime factors of n.
137
Let v(p) = -p**2 + 14*p - 7. Let u be v(9). Let y be 1/3 - u/6. List the prime factors of 2/(-6) + (-56)/y.
3
Let j(m) = -m**3 - 5*m**2 - 3*m + 3. Let l be j(-4). Let i = l + 2. Let f(y) = 12*y**3 - y**2. What are the prime factors of f(i)?
11
Let u(f) = f**3 - 5*f**2 + 3*f - 6. Let b be u(5). Suppose -3*r = -6*r + b. Suppose 0 = r*m + 2*m - 50. List the prime factors of m.
2, 5
Suppose 7*g = 5*g + 92. List the prime factors of g.
2, 23
Let d = -423 - -769. What are the prime factors of d?
2, 173
Let i(v) = v + 10. Let a be i(-5). Suppose -4*q = 3*d - 74, -157 + 25 = -a*d + 2*q. Suppose 4*z - d = -6. List the prime factors of z.
5
Let v = -46 + 118. Let m = -51 + v. Let r = -11 + m. List the prime factors of r.
2, 5
Suppose 100 = -11*o + 6*o. Let b = -1 - o. What are the prime factors of b?
19
Suppose 13 = 2*p + 1. Suppose 100 = -2*t + p*t. List the prime factors of t.
5
What are the prime factors of 82/12 - (-16)/96?
7
Let q(y) = 7*y - 3. Let u(j) = -3*j + 6 - 6 + 4*j. Let n be u(3). What are the prime factors of q(n)?
2, 3
Suppose -3 + 12 = -3*n. Let v(y) = -y - 3. Let l be v(-4). What are the prime factors of (1 + l)/(n/(-6))?
2
Suppose -m - 1 = -0. List the prime factors of (7 + (m - -2))*2.
2
Let v be 2 - (1 + (-2 - -1)). Let m be (2/(-5))/(v/(-10)). Let g(i) = i**3 - i**2 + 2*i - 1. What are the prime factors of g(m)?
7
Suppose -3*o + 5*o = 4. Suppose 0 = 3*j + r - 3, o*j + j + 4*r = 12. Suppose j = -5*s + 52 - 17. List the prime factors of s.
7
Let q(y) = 2*y**2 + 3*y - 1. What are the prime factors of q(4)?
43
Suppose -8*i + 25 = -3*i. Suppose -5*d = i + 10. What are the prime factors of -3 - (-18 - d - 0)?
2, 3
Let w be 7 - (5 - 2) - 0. Suppose -4*i + 3*a + w = -35, -i - a + 15 = 0. What are the prime factors of i?
2, 3
Suppose -b = 2*b - 75. Suppose 2*h - b = h. List the prime factors of h.
5
Let l be 2/(-2 - -4) - -2. Suppose -37 = -l*h + t, -t - 35 = -4*h + 14. Let r = -4 + h. List the prime factors of r.
2
Let w(k) = k**3 + 4*k**2 + 4*k - 1. Let m be w(-3). What are the prime factors of 16/m*38/(-8)?
19
Let u = -26 + 44. Let b(d) = -11*d**3 - 2*d**2 - d. Let x be b(-1). Let c = u - x. List the prime factors of c.
2
Let a = 69 - 31. Let v(z) = 4*z + 3. Let f be v(-7). Let m = f + a. List the prime factors of m.
13
Let t(i) be the first derivative of -i**7/840 + i**5/120 + i**4/12 + 2*i**3/3 - 4. Let s(o) be the third derivative of t(o). List the prime factors of s(0).
2
Let v = -81 - -152. List the prime factors of v.
71
Let w be 4*(-1)/(-4)*35. Suppose 3*i - w = -2*i. List the prime factors of i.
7
Let q = 5 + -10. Let h = -2 - q. List the prime factors of h.
3
Let h = 3 + 2. Suppose 5*u - 5*b = 235, 3*u - 13 = h*b + 136. What are the prime factors of u?
43
Suppose 10 = 3*u - 2. Let q be (-14)/(-8) - (-1)/u. Suppose q*p + 3*r - 74 = -3*p, 0 = 3*p - 3*r - 30. List the prime factors of p.
13
Let h(d) = 12*d - 7. Let c be h(5). What are the prime factors of (-8)/14 + c/7?
7
Suppose 2*t + 4*g + 8 = -0*t, 2*g - 20 = -5*t. Let m be (3*2)/(t/(-4)). What are the prime factors of 8 + m - 0/1?
2
Suppose 2*b + 0 - 2 = 2*w, 4 = 2*b - w. List the prime factors of b.
3
Let c = -4 - -7. Suppose 12 = c*z - 99. What are the prime factors of z?
37
Let b(r) = -2*r - 12. Let h be b(-8). Suppose 5*p = h*g - 60, -48 = -5*g + 4*p + 18. List the prime factors of g.
2, 5
Let q(n) = 7*n**2 - 11. What are the prime factors of q(4)?
101
Let x be 4/30 - (-774)/270. Suppose 2*a + 0*a = 10. Suppose 0 = w - x*z - 10, -4*z + 7 = 5*w - a. What are the prime factors of w?
2
Let b(q) be the second derivative of -q**5/20 - q**3/6 + 13*q**2 - 5*q. What are the prime factors of b(0)?
2, 13
Suppose 5*w - 160 = 1305. Suppose -5*p - 98 = -w. What are the prime factors of p?
3, 13
Let m(b) = -2*b - 6. Let o(p) = -6*p - 17. Let r(k) = 17*m(k) - 6*o(k). What are the prime factors of r(11)?
2, 11
Let y = 5 + 5. Suppose 0 = 2*x - i - 4*i - y, x + 4*i = 31. What are the prime factors of x?
3, 5
List the prime factors of ((-9)/(-3) - 167)/(-2).
2, 41
Suppose 1 = w - 2*w. Let f be ((-18)/(-8))/(w/(-8)). Suppose -2*k = 3*s + 3*k - f, -k - 58 = -5*s. List the prime factors of s.
11
Suppose 0 = 2*p - 1 - 7. Suppose -p*y = -0*y - 28. What are the prime factors of y?
7
Let h(q) = -8*q + 1. Let o be h(-1). Suppose -l = o - 1. Let z = l - -15. What are the prime factors of z?
7
Let v(b) = b + 10. Let a be v(0). Suppose m + 4*q - a = -0*q, 4*q - 34 = -5*m. Let h = m + -2. What are the prime factors of h?
2
Let c(v) = 6*v - 26. List the prime factors of c(11).
2, 5
Suppose -4*m - 178 = -74. Let r = m + 44. What are the prime factors of r?
2, 3
Suppose -n - 2*n = -9. List the prime factors of n.
3
Let v be (2 + -3)/(1/(-11)). Let q be 1/(-3) + (-10)/6. List the prime factors of (0 + -2)/(q/v).
11
Suppose -4*w + 5 = 1. Let m(b) = 4*b. List the prime factors of m(w).
2
Suppose -10 = -5*u - 0. Suppose 6*h - u*h = 88. What are the prime factors of h?
2, 11
Suppose 24 = u + 8. What are the prime factors of u?
2
Suppose -g = -3*r + 9, 2 = g - 1. Suppose 0 = 3*d - r*d + 6. Let b(p) = p**2 - 3*p - 6. List the prime factors of b(d).
2, 3
Suppose -153 = -4*h - 21. What are the prime factors of h?
3, 11
Let y = 105 + -48. List the prime factors of y.
3, 19
Suppose 5 = -3*m + 185. List the prime factors of m.
2, 3, 5
Suppose 0 = -3*k + 6*k - 270. What are the prime factors of k?
2, 3, 5
List the prime factors of (-3 + -2)*(-6 - -5).
5
Let n(g) = g**2 - 9*g + 10. Let a be n(7). Suppose 4*i + 2 = -6. Let w = i - a. List the prime factors of w.
2
Suppose 318 = 5*n - 232. List the prime factors of n.
2, 5, 11
Suppose 7*o + 65 = 506. What are the prime factors of o?
3, 7
Suppose 0 = 9*r - 3*r - 2202. What are the prime factors of r?
367
Let r = 86 + -46. List the prime factors of r.
2, 5
Let x(w) = w**3 + 7*w**2 + 6*w. Let s be x(-6). What are the prime factors of 13 + (2 - (2 + s))?
13
Let s be ((2 + -3)/1)/(-1). Let g be 2*2 - (0 + s). Suppose g*x + 2 = 4*x. What are the prime factors of x?
2
Let y = -10 - -27. What are the prime factors of y?
17
Let j(u) = 3*u**2 + u + 6. List the prime factors of j(-5).
2, 19
Let l(n) = n**3 + 6*n**2 + 6*n + 5. Let j be l(-5). Suppose -2*i + f = -0*i - 55, i = -3*f + 17. List the prime factors of 1 + i/2 + j.
2, 7
Let y(m) be the third derivative of -m**5/60 + m**4/3 - 5*m**3/6 + m**2. What are the prime factors of y(6)?
7
Suppose 8*m - 358 = 762. List the prime factors of m.
2, 5, 7
Suppose 0 = -3*q - 0*m - 2*m + 377, 4*m - 373 = -3*q. What are the prime factors of q?
127
Suppose 2*t - 7*t = -25. Suppose -t*f = -2*f - 3*n - 15, -5*f + 2*n = -10. Suppose f = -3*r + 11 + 1. List the prime factors of r.
2
Let j be (-1 - -1)/(1 + 0). Suppose -5*z + 3*p + 35 = j, 3*z = 3*p + 11 + 10. Let h = -2 + z. List the prime factor